567 prime?
False
Is 66241335773 a prime number?
False
Is 533853707 a prime number?
True
Is 4750226903 a composite number?
True
Is 247144366987 prime?
False
Is 21777018667 composite?
True
Is 69429671 prime?
True
Is 6737744795 composite?
True
Is 11112398863 composite?
False
Is 257831087 a prime number?
True
Is 241453583 composite?
True
Is 110221649801 a composite number?
True
Is 13731685117 a prime number?
True
Is 9896497313 a prime number?
True
Is 1149149471 a prime number?
True
Is 231535656029 a composite number?
False
Is 14411108599 a composite number?
False
Is 47214805943 a prime number?
True
Is 501931319 a prime number?
False
Is 13763203957 a composite number?
False
Is 3255916847 composite?
False
Is 2515695359 composite?
True
Is 496230907 a prime number?
True
Is 412608901 a prime number?
True
Is 129950331197 a prime number?
True
Is 5258520577 prime?
False
Is 51145639681 a prime number?
True
Is 901125649 composite?
False
Is 3602262043 a composite number?
True
Is 143606077 prime?
False
Is 3052505711 a prime number?
False
Is 43324759 a prime number?
False
Is 1625442421 composite?
True
Is 6398035619 composite?
True
Is 34890161981 a composite number?
False
Is 523973509 composite?
False
Is 7178357323 prime?
True
Is 5491263467 a prime number?
True
Is 2868324691 composite?
False
Is 8917607099 prime?
False
Is 7499571397 composite?
False
Is 61463829457 prime?
True
Is 528306943 prime?
False
Is 20069184001 composite?
False
Is 29458691401 prime?
False
Is 5464439701 prime?
False
Is 558430853 composite?
False
Is 204475625485 a prime number?
False
Is 10774516945 prime?
False
Is 8964130033 a prime number?
False
Is 34239231173 a composite number?
True
Is 129589153 a prime number?
False
Is 169992367027 composite?
True
Is 9960462953 prime?
False
Is 727895123 prime?
True
Is 677261579 a composite number?
True
Is 166614016837 a prime number?
True
Is 8213783411 composite?
False
Is 3840771749 prime?
True
Is 60085836653 a composite number?
False
Is 17249667873 a composite number?
True
Is 36313746211 a prime number?
True
Is 118479795209 a prime number?
True
Is 1100457779 prime?
False
Is 2176569737 composite?
True
Is 2684833301 a composite number?
False
Is 27942989 a prime number?
True
Is 16465336697 a prime number?
True
Is 1490266103 a prime number?
True
Is 99458513257 a prime number?
False
Is 443923661 a composite number?
False
Is 6425236471 prime?
False
Is 1348035781 prime?
True
Is 814014343 a prime number?
False
Is 5153971657 prime?
True
Is 2030310563 composite?
True
Is 6619845083 a composite number?
False
Is 5420929901 a prime number?
False
Is 16179444157 a prime number?
True
Is 6311482427 prime?
True
Is 8499024133 composite?
True
Is 46510977437 a composite number?
False
Is 5985307051 a composite number?
True
Is 4528328095 prime?
False
Is 293661681 a composite number?
True
Is 99899821297 prime?
False
Is 26009182049 a prime number?
False
Is 2862293053 prime?
False
Is 8569270961 composite?
False
Is 205152377 prime?
True
Is 5759103143 composite?
False
Is 1654945027 a composite number?
True
Is 67506709 composite?
False
Is 393834629 composite?
False
Is 1904649427 a prime number?
True
Is 243909947 prime?
True
Is 926393899 a prime number?
False
Is 9990313343 prime?
False
Is 51298351 a composite number?
True
Is 421378291 a composite number?
False
Is 1155089323 a composite number?
False
Is 1407839863 composite?
False
Is 16214752063 prime?
True
Is 4839597569 a composite number?
False
Is 14811766199 a prime number?
True
Is 42174904297 prime?
True
Is 3099035209 a prime number?
True
Is 7350043501 prime?
True
Is 9713671613 prime?
True
Is 19983702899 composite?
True
Is 16553348759 a composite number?
True
Is 144210522635 composite?
True
Is 445207619 composite?
True
Is 7571874493 a prime number?
False
Is 5937223333 a prime number?
False
Is 5569879009 a prime number?
False
Is 10788851 composite?
False
Is 18819111331 prime?
False
Is 757432483 prime?
False
Is 63279957113 a prime number?
True
Is 59364106259 a composite number?
True
Is 38205784654 a prime number?
False
Is 104036577 prime?
False
Is 13152967141 prime?
True
Is 35314816217 composite?
False
Is 3212016163 a prime number?
True
Is 1443964817 a prime number?
False
Is 20245052533 prime?
True
Is 9591251315 a prime number?
False
Is 498126461 prime?
False
Is 2534146619 a composite number?
True
Is 115300139473 a composite number?
True
Is 16953820133 composite?
False
Is 3863874031 a composite number?
True
Is 2974617161 a prime number?
False
Is 21869200943 a prime number?
False
Is 47147843653 composite?
True
Is 5667076663 composite?
True
Is 619994363 a prime number?
True
Is 852851329 prime?
False
Is 603563047 a composite number?
False
Is 207731681 composite?
True
Is 154174957919 composite?
True
Is 13339669407 a prime number?
False
Is 43363086383 a prime number?
True
Is 1612393061 a composite number?
True
Is 142152919 prime?
True
Is 49876559 a prime number?
True
Is 14741857329 a prime number?
False
Is 249814882 prime?
False
Is 32778155269 a prime number?
True
Is 181028293 a composite number?
False
Is 332407343 a prime number?
True
Is 2756547347 prime?
True
Is 1911347569 a prime number?
False
Is 929660969 a prime number?
False
Is 10297194289 prime?
False
Is 3582319549 a composite number?
True
Is 542474993 a prime number?
True
Is 25650746081 composite?
True
Is 1435509533 composite?
False
Is 19571542637 a composite number?
True
Is 175332821 prime?
True
Is 802093811 composite?
False
Is 170666488577 composite?
True
Is 32280499201 a composite number?
False
Is 3248940053 a composite number?
True
Is 11241314839 prime?
True
Is 689875981 composite?
False
Is 7708132753 composite?
False
Is 27433147331 a prime number?
False
Is 189647137 a composite number?
False
Is 3029530199 a composite number?
True
Is 193859189 prime?
True
Is 91154927 a composite number?
False
Is 3997798399 a prime number?
False
Is 5625360007 a composite number?
False
Is 9306653 prime?
False
Is 32081637503 a composite number?
True
Is 6280554793 a composite number?
True
Is 66677052131 a prime number?
True
Is 10273974067 prime?
False
Is 7281356447 a composite number?
True
Is 74890629119 a prime number?
False
Is 90661049593 a prime number?
False
Is 502411697 a prime number?
False
Is 1027027231 prime?
True
Is 2412999931 prime?
True
Is 9365729757 prime?
False
Is 9722007467 a composite number?
True
Is 10863790219 a composite number?
False
Is 2408181689 a prime number?
False
Is 847537241423 a prime number?
True
Is 5302921859 a composite number?
False
Is 68539871 composite?
False
Is 2703250307 composite?
False
Is 4107525119 prime?
False
Is 7019019757 a prime number?
False
Is 16886175737 a composite number?
False
Is 847891601 composite?
False
Is 11376724571 prime?
False
Is 298758743 composite?
True
Is 6241687711 composite?
True
Is 3920711909 a prime number?
False
Is 1622702903 a prime number?
False
Is 338440841 prime?
True
Is 7702550951 prime?
False
Is 3016695767 prime?
True
Is 63108523723 composite?
True
Is 2289061247 a prime number?
False
Is 2102422747 prime?
True
Is 1352847053 prime?
False
Is 788281777 a prime number?
False
Is 4338067577 prime?
True
Is 3619459853 prime?
False
Is 4476433813 composite?
False
Is 421784257 composite?
False
Is 34757227 prime?
True
Is 5363422991 composite?
False
Is 771202471 a prime number?
False
Is 2305937463 composite?
True
Is 108446021 a composite number?
False
Is 1746875393 a prime number?
True
Is 12177227 composite?
True
Is 375843241 prime?
True
Is 207409691 composite?
True
Is 9072584621 a composite number?
False
Is 5966907501 a prime number?
False
Is 77103531599 composite?
True
Is 270702287 a prime number?
False
Is 20547165781 a composite number?
False
Is 24728588377 a composite number?
True
Is 7994769353 prime?
True
Is 1618318411 a prime number?
True
Is 2813070401 a composite number?
False
Is 1897536587 a composite number?
False
Is 1129178201 a prime number?
False
Is 1555619239 composite?
False
Is 9959926841 a composite number?
True
Is 24195764347 prime?
True
Is 2955842621 composite?
False
Is 1294289021 composite?
False
Is 484470509 prime?
False
Is 10495274795 a composite number?
True
Is 9074609387 a composite number?
False
Is 955830379 prime?
False
Is 957241993 a composite number?
False
Is 384293059 composite?
True
Is 17123428897 composite?
Tr